g be ((-1)/(-2))/((-8)/64). Let j(u) = u**2 + 6*u + 2. Give j(g).
-6
Let y(a) = -a**2 + 6*a - 4. Let k be y(5). Let p be (5/15)/(k/15). Let t(i) = 1 + 3*i - p + 1. Determine t(4).
9
Let j be (-2 + 0)/(14/35). Let a(h) = -5*h**2 - 6*h + 2. Let s(y) = 3*y**2 - 3 + 0 + 6*y + 3*y**2. Let n(i) = 5*a(i) + 4*s(i). Give n(j).
3
Let k(h) = -1 - 3*h + 4*h + 4*h - 2*h. What is k(4)?
11
Let z(w) = -w**3 + 9*w**2 + w + 2. Let o(a) = -a**3 + 5*a**2 + a + 1. Let p = -9 - -4. Let j(d) = p*o(d) + 3*z(d). What is j(1)?
3
Let k(d) be the third derivative of d**5/20 + d**4/24 - 8*d**2. Let c be -1*(-1)/2*2. What is k(c)?
4
Let j(v) = -v**2 - v + 1. Let u be j(-3). Let q(x) = x**2 + 5*x + 4. Determine q(u).
4
Let h(z) = -9 + z**2 - 1 + 0. Let u be (0 - (-1 + 1))*-1. Give h(u).
-10
Let w = 5 + -3. Let u = w + -6. Let y(l) = -l**3 - 3*l**2 + 6*l + 4. Determine y(u).
-4
Let d(f) = 20*f**3 + f**2 + 20*f + 20. Let p(l) = 7*l**3 + 7*l + 7. Let y(g) = 6*d(g) - 17*p(g). Determine y(-6).
-5
Let d(x) = x**2 - 4*x + 4. Suppose -52*u = -45*u - 28. Give d(u).
4
Let d(b) = -7*b + 11. Let x(q) = 2*q - 4. Let c(v) = -3*d(v) - 8*x(v). Let t = 1 - 1. Suppose 4*i - 5*z - 1 = t, -3*i + z - 2 + 0 = 0. Give c(i).
-6
Let y(p) be the second derivative of p**4/12 - 3*p**3/2 + 4*p**2 - 3*p. Let n be y(8). Let v(l) = l**2 - l + 7. Determine v(n).
7
Let q be (-2)/(-8) + (-35)/(-4). Let b(h) = 8*h - q*h**2 + h**3 + h**2 - 3 - h**2. Calculate b(8).
-3
Suppose 0 = 26*i - 28*i. Let t(u) = u + 6. Give t(i).
6
Let g(v) be the first derivative of 1 - v + v**2 - 4/3*v**3. Give g(1).
-3
Let v(f) be the second derivative of -f**4/12 - f**3/2 - f**2/2 + 2*f. Let t = -3 - 1. Determine v(t).
-5
Suppose 2*b = -a - 11 + 24, 3*a - 19 = 4*b. Let w be (-9)/(-2)*12/a. Let c(y) = y - 2. Let q(r) = 1. Let k(p) = c(p) + 3*q(p). Calculate k(w).
7
Let g be 5 - 1 - (-7 + 5). Let x(a) = 29 + 0*a**2 - a**3 + 6*a**2 - 24. Give x(g).
5
Suppose 3*a + 2*d - 8 = -2*a, 0 = 3*a + 3*d - 12. Let h(g) = g + 6. Determine h(a).
6
Let l(d) = -8*d. Let v(q) = -7*q. Suppose -2*w + 3*r - 5*r - 12 = 0, 26 = -5*w - 4*r. Let g(c) = w*l(c) + 3*v(c). Calculate g(-1).
5
Let g(y) be the second derivative of y**3/3 + 5*y**2/2 - 30*y. Let q(m) = m - 3. Let b be q(6). Suppose -6 = j - c + 2*c, -b*c = -j + 2. Give g(j).
-3
Let i(u) = 4*u - 9. Let x(d) = d - 1. Let t(r) = i(r) - 3*x(r). Suppose 5*s - 20 = 5. Give t(s).
-1
Let f(v) be the third derivative of -v**8/20160 + v**7/1260 + v**6/144 - v**5/30 - 2*v**2. Let x(l) be the third derivative of f(l). Give x(4).
5
Let q(d) = -d**3 + 6*d**2 - 6*d + 6. Let j be q(5). Let y(x) = -13*x**2 - 3*x + 2. Let p(u) = u**2 + u - 1. Let g(n) = 2*p(n) + y(n). Calculate g(j).
-12
Let x(c) = -8*c + 16. Let f(u) = 4*u - 7. Let s(n) = 9*f(n) + 4*x(n). Determine s(2).
9
Let f(q) = q + 1. Let y be f(6). Let b = 9 - y. Let h(r) be the first derivative of r**4/4 - 2*r**3/3 - r**2 + 3*r + 1. What is h(b)?
-1
Let o(q) = 1 + 34*q - 35*q + 0. Let a(l) = 3*l - 4. Let v(s) = -a(s) - 2*o(s). Calculate v(-6).
8
Suppose 4 = 2*r - 3*r - c, -2*r - 4*c = 16. Let p(l) = 0*l + 2*l**2 + r*l - 1 - 5*l**3. Determine p(-1).
6
Let l(h) = 3*h + 3*h**2 - 4*h**2 - 1 - 2. Suppose -3 = 4*q - 3*q. Let t = q - -5. What is l(t)?
-1
Let g(d) = -d**3 + 6*d**2 + d - 8. Let u(l) = 2*l - 18. Let x be u(12). What is g(x)?
-2
Let x = 90 + -268/3. Let b(j) be the second derivative of -x*j**3 + 0 - 1/12*j**4 + 3*j - j**2. What is b(-4)?
-2
Let s(t) = t + 19. Let g be s(-15). Let v(n) = n**2 + 2. Give v(g).
18
Suppose 5 + 3 = 4*k. Let l(h) = -5*h - 3 + k*h + 4*h. Calculate l(-3).
-6
Let i(o) be the first derivative of -o**3/3 + o**2 + 4*o - 13. Determine i(3).
1
Suppose i = 5*j - 33, -3*i = -4*j - 4*i + 21. Let a(n) be the first derivative of -3 + 8*n - j*n + 4*n + 2*n**2 + 0*n**2. Calculate a(-4).
-10
Let j(k) = 14*k - 4. Let p(n) = 27*n - 7. Let t(s) = -7*j(s) + 4*p(s). Calculate t(-1).
-10
Let h(o) be the third derivative of o**4/8 - 5*o**3/6 - o**2. Let k be 22/8 - 5/(-20). Suppose 0 = 5*q - 0*n - 4*n, 0 = k*q - 5*n + 13. What is h(q)?
7
Let q be (12 - 9) + (0 - -1). Let v(p) = p - 3. Calculate v(q).
1
Let d(h) = -8 + h + 0 + 2. Suppose 0 = 9*k - 7*k. Determine d(k).
-6
Let i(c) = -c**2 - 10*c - 6. Let y = -95 - -89. Determine i(y).
18
Let z = -7 - -5. Suppose 0*s = -2*s - 24. Let r be (s/8)/(1/z). Let g(m) = m**3 - 2*m**2 - m - 2. Calculate g(r).
4
Let s(m) = 38*m - 73*m - 7 + 33*m. Give s(-6).
5
Let r(g) = -9*g + 11. Let f(q) = -4*q + 5. Let h = -3 - -4. Suppose -j = h + 2. Let z(y) = j*r(y) + 7*f(y). Calculate z(2).
0
Let i(v) = -v - 4. Let l(y) = y. Let h(t) = i(t) - l(t). Suppose -3*k + 3 + 3 = 0. Suppose 0 = k*n + 5 + 5. Give h(n).
6
Let y(p) = 5*p - 4 + 3 - 1 + 1. Suppose -g + 5*b + 21 = 0, b + 5 + 0 = g. Calculate y(g).
4
Let n(d) = 6*d - 9*d**3 - 1 - d - 3*d. What is n(1)?
-8
Let n(q) be the first derivative of -q**4/4 - q**3 + 3*q**2 - 5*q - 3. Let x = 4 - 9. Calculate n(x).
15
Suppose 5*s + 25 = 5*z - 60, 32 = 4*z + 5*s. Let h = z + -8. Let q(r) = -4*r**2 + 1 - h*r**2 + 10*r**2. What is q(-1)?
2
Let z = 3 + -2. Let y(o) = 0 - 6*o + 3*o + z. Let h(v) = v. Let r be h(1). Give y(r).
-2
Let b(v) = -11*v**3 + 2*v**2. Let d(m) = -m**3 + m**2. Let f(k) = b(k) - 3*d(k). Determine f(1).
-9
Let d(p) be the first derivative of -5 + 5/2*p**2 - 6*p - 1/3*p**3. Determine d(6).
-12
Let y(z) = -z**2 - z + 4. Let a(d) = d**3 - 4*d**2 - 4*d. Let o be a(5). Give y(o).
-26
Let x(d) = -d + 2. Suppose -19 = 5*a + c + 3, 10 = -5*a - 5*c. Calculate x(a).
7
Let h(y) = -y**3 + y**2 + 2*y - 2. Let u be h(2). Let r(w) = 5*w + 3. Give r(u).
-7
Let i(w) = w**2 + w**3 - 5*w + 2*w + w**2 + 3. Determine i(-3).
3
Suppose -3*h - 16 - 2 = 0. Let p(t) = 5*t**2 + 2*t**2 + t**3 - 1 + 3 + 6*t. Let x be p(h). Let r(g) = -4*g - 1. What is r(x)?
-9
Let r(t) = -t - 1. Let l(w) = 6*w + 6. Let d(c) = -2*l(c) - 11*r(c). Suppose 0 = -2*s + 4 - 0. Suppose 0 = 4*b + j + 17, -s*j - j - 3 = 0. Calculate d(b).
3
Let r(v) be the third derivative of v**7/1260 - v**6/144 - v**5/40 - v**4/6 + 4*v**2. Let k(y) be the second derivative of r(y). Calculate k(4).
9
Suppose 55 = 5*l + x, -4*l + 92 = -4*x + 24. Suppose 5*a + l = 2*a. Let m(t) = -t**3 - 4*t**2 + 4*t + 4. Give m(a).
-12
Let o(l) = l**2 - 3*l - 1. Let g(j) = -j**2 + 3*j + 2. Let s(m) = -5*g(m) - 6*o(m). Let y = 11 + -20. Let d = -6 - y. Determine s(d).
-4
Let v(i) be the first derivative of -i**6/120 - i**5/12 - i**4/12 + i**2/2 + 2. Let a(o) be the second derivative of v(o). Calculate a(-4).
-8
Let q(k) = -k**2 + 7*k - 2. Suppose -99*b + 8 = -98*b. Give q(b).
-10
Suppose p - 3 = 2*p. Let r(l) = -l**2 - 1. Suppose 3*i = -1 + 4. Let q(c) = 5*c**2 + 4*c + 8. Let n(k) = i*q(k) + 4*r(k). What is n(p)?
1
Let i(f) = -f**3 + 6*f**2 + 7*f + 7. Let m(a) = -3*a + 4. Let w be m(-1). Calculate i(w).
7
Let i(t) = t**2 - t. Suppose 2*q - p + 2*p + 3 = 0, 12 = -4*p. Let z be q/((-2 + 3)*2). What is i(z)?
0
Let t = 8 - 1. Let f(n) = -6*n**2 + n**3 - 4 + t*n**2 + 0*n + n. What is f(0)?
-4
Let y(w) = w. Suppose -3*o - 15 = -5*h, 5*o - h = 1 - 26. Let q(d) = -2*d + 1. Let g(x) = o*y(x) - 4*q(x). Calculate g(4).
8
Let d(b) = 5*b + 9. Let t(x) = -9*x - 17. Let i(f) = 7*d(f) + 4*t(f). Give i(-4).
-1
Let y(m) = m**3 - 4*m**2 - m + 5. Let p be (3 - (6 + -3)) + -7. Let k = -3 - p. Calculate y(k).
1
Let m(t) = -3*t**3 - 7*t**2 - 6*t + 2. Let i(p) = -4*p**3 - 7*p**2 - 7*p + 2. Let s(k) = 2*i(k) - 3*m(k). Give s(-6).
10
Let n(w) be the second derivative of -1/6*w**3 + 0 + 2*w + 0*w**5 - w**2 - 1/30*w**6 + 1/12*w**4. Let i(t) be the first derivative of n(t). Determine i(1).
-3
Suppose 2*m + p = -m - 20, -4*p - 35 = 3*m. Let v = 0 - m. Let t(d) be the third derivative of -d**5/60 + d**4/6 + d**3/2 - d**2. Give t(v).
-2
Let z(s) = -s**3 + 5*s**2 - 5*s + 4. Let x = 32 + -29. What is z(x)?
7
Let u(s) = -s**2 - 12*s + 7. Let j be u(-13). Let b(q) = -2*q - 8. Give b(j).
4
Let b be 4/(-18) - 10/(-45). Let m(x) = x - 3. What is m(b)?
-3
Let n(s) = -3*s**3. Let x be n(-1). Let h(g) = -x + 0*g - g - g + g. What is h(-3)?
0
Let l(z) = -z**3 + 3*z**2 + 3*z + 4. Let s be (-6 + -2)*(-2)/4. Determine l(s).
0
Let m = -8 - -14. Let c(p) = 9*p + 6. Let v(x) = 7*x + 5. Let b(r) = -4*c(r) + 5*v(r). What is b(m)?
-5
Let t(v) = 3*v + 3. Let o be t(-2). Let p(j) = -3*j - 1. Calculat